hat is the remainder when 106532 is divided by 579?
575
Calculate the remainder when 233185 is divided by 13.
4
Calculate the remainder when 46446 is divided by 54.
6
What is the remainder when 11202 is divided by 3715?
57
Calculate the remainder when 21668 is divided by 96.
68
Calculate the remainder when 5915 is divided by 941.
269
What is the remainder when 160 is divided by 160?
0
What is the remainder when 1161 is divided by 252?
153
What is the remainder when 38490 is divided by 63?
60
What is the remainder when 9693 is divided by 1926?
63
Calculate the remainder when 1776891 is divided by 38.
11
What is the remainder when 4652 is divided by 577?
36
What is the remainder when 12084 is divided by 403?
397
Calculate the remainder when 2682290 is divided by 239.
232
Calculate the remainder when 24499 is divided by 522.
487
Calculate the remainder when 346754 is divided by 26.
18
What is the remainder when 5064 is divided by 1264?
8
Calculate the remainder when 8182 is divided by 62.
60
What is the remainder when 296450 is divided by 383?
8
What is the remainder when 1810 is divided by 903?
4
Calculate the remainder when 8237 is divided by 18.
11
Calculate the remainder when 372914 is divided by 344.
18
Calculate the remainder when 622945 is divided by 22.
15
What is the remainder when 3957 is divided by 1295?
72
What is the remainder when 64995 is divided by 1756?
23
What is the remainder when 51746 is divided by 375?
371
Calculate the remainder when 166641 is divided by 18514.
15
What is the remainder when 31868 is divided by 29?
26
What is the remainder when 3677 is divided by 915?
17
What is the remainder when 156942 is divided by 451?
445
What is the remainder when 12472 is divided by 4034?
370
Calculate the remainder when 4286 is divided by 387.
29
What is the remainder when 8254 is divided by 165?
4
What is the remainder when 6562 is divided by 5778?
784
Calculate the remainder when 4920 is divided by 71.
21
What is the remainder when 1858 is divided by 494?
376
What is the remainder when 72442 is divided by 14486?
12
What is the remainder when 1276 is divided by 1257?
19
What is the remainder when 11190 is divided by 185?
90
Calculate the remainder when 31999 is divided by 15970.
59
What is the remainder when 6027 is divided by 471?
375
Calculate the remainder when 986 is divided by 481.
24
Calculate the remainder when 143115 is divided by 148.
147
Calculate the remainder when 308069 is divided by 77012.
21
What is the remainder when 3590799 is divided by 191?
190
Calculate the remainder when 41495 is divided by 3772.
3
What is the remainder when 1020 is divided by 223?
128
What is the remainder when 72147 is divided by 75?
72
Calculate the remainder when 467492 is divided by 22.
14
What is the remainder when 29480 is divided by 14732?
16
Calculate the remainder when 7221 is divided by 277.
19
Calculate the remainder when 141395 is divided by 6.
5
What is the remainder when 1832 is divided by 586?
74
Calculate the remainder when 394897 is divided by 44.
41
What is the remainder when 2191 is divided by 2027?
164
What is the remainder when 17389 is divided by 31?
29
Calculate the remainder when 1357 is divided by 421.
94
Calculate the remainder when 511398 is divided by 260.
238
Calculate the remainder when 16824 is divided by 30.
24
Calculate the remainder when 30418 is divided by 118.
92
What is the remainder when 255824 is divided by 99?
8
Calculate the remainder when 3795 is divided by 292.
291
What is the remainder when 41203 is divided by 53?
22
Calculate the remainder when 10928 is divided by 5464.
0
What is the remainder when 41896 is divided by 11?
8
Calculate the remainder when 605 is divided by 34.
27
Calculate the remainder when 496 is divided by 429.
67
Calculate the remainder when 2572 is divided by 260.
232
What is the remainder when 418060 is divided by 30?
10
What is the remainder when 19435 is divided by 299?
0
What is the remainder when 33752 is divided by 16851?
50
Calculate the remainder when 3321 is divided by 256.
249
Calculate the remainder when 4131 is divided by 677.
69
What is the remainder when 1606 is divided by 396?
22
Calculate the remainder when 11367 is divided by 3744.
135
What is the remainder when 177020 is divided by 143?
129
What is the remainder when 60270 is divided by 277?
161
Calculate the remainder when 1075 is divided by 486.
103
Calculate the remainder when 19746 is divided by 1161.
9
What is the remainder when 9814 is divided by 3260?
34
Calculate the remainder when 7730 is divided by 73.
65
What is the remainder when 1413195 is divided by 18?
15
Calculate the remainder when 7794 is divided by 217.
199
Calculate the remainder when 129431 is divided by 64702.
27
What is the remainder when 536011 is divided by 39?
34
Calculate the remainder when 63647 is divided by 4.
3
What is the remainder when 146185 is divided by 322?
319
What is the remainder when 69048 is divided by 55?
23
What is the remainder when 4728 is divided by 370?
288
What is the remainder when 225478 is divided by 829?
819
Calculate the remainder when 5534 is divided by 1350.
134
What is the remainder when 5298 is divided by 2531?
236
Calculate the remainder when 5596 is divided by 2190.
1216
Calculate the remainder when 32314 is divided by 16136.
42
What is the remainder when 22647 is divided by 148?
3
Calculate the remainder when 2431 is divided by 1665.
766
What is the remainder when 112297 is divided by 21?
10
What is the remainder when 12115 is divided by 6050?
15
What is the remainder when 13579 is divided by 17?
13
Calculate the remainder when 695 is divided by 130.
45
Calculate the remainder when 922475 is divided by 97.
5
Calculate the remainder when 14655 is divided by 1228.
1147
Calculate the remainder when 42925 is divided by 482.
27
What is the remainder when 2234 is divided by 779?
676
Calculate the remainder when 1738 is divided by 15.
13
Calculate the remainder when 1079370 is divided by 14.
12
What is the remainder when 376167 is divided by 17098?
11
Calculate the remainder when 5663 is divided by 41.
5
Calculate the remainder when 7517 is divided by 667.
180
Calculate the remainder when 7865 is divided by 1962.
17
Calculate the remainder when 27547 is divided by 185.
167
Calculate the remainder when 2509 is divided by 625.
9
Calculate the remainder when 6403 is divided by 279.
265
What is the remainder when 47422 is divided by 15803?
13
Calculate the remainder when 662668 is divided by 666.
664
What is the remainder when 69895 is divided by 832?
7
What is the remainder when 12504 is divided by 12280?
224
What is the remainder when 118596 is divided by 3?
0
What is the remainder when 869134 is divided by 217272?
46
What is the remainder when 59961 is divided by 566?
531
Calculate the remainder when 82304 is divided by 24.
8
What is the remainder when 914256 is divided by 146?
4
Calculate the remainder when 1145 is divided by 323.
176
What is the remainder when 4930 is divided by 532?
142
Calculate the remainder when 735018 is divided by 27.
24
What is the remainder when 25609 is divided by 30?
19
What is the remainder when 6167 is divided by 121?
117
Calculate the remainder when 98834 is divided by 34.
30
Calculate the remainder when 1727 is divided by 333.
62
Calculate the remainder when 76130 is divided by 312.
2
What is the remainder when 248496 is divided by 504?
24
What is the remainder when 6944 is divided by 548?
368
What is the remainder when 39261 is divided by 187?
178
Calculate the remainder when 14968 is divided by 468.
460
What is the remainder when 5122 is divided by 71?
10
What is the remainder when 2825 is divided by 703?
13
Calculate the remainder when 18478 is divided by 79.
71
Calculate the remainder when 9503 is divided by 4.
3
What is the remainder when 27763 is divided by 45?
43
Calculate the remainder when 293 is divided by 17.
4
What is the remainder when 20148 is divided by 1831?
7
Calculate the remainder when 25900 is divided by 8619.
43
What is the remainder when 989 is divided by 32?
29
Calculate the remainder when 4892 is divided by 322.
62
Calculate the remainder when 490955 is divided by 15342.
11
Calculate the remainder when 171377 is divided by 200.
177
Calculate the remai